n(-7). Let t = k - -1128. What is the hundreds digit of t?
6
Suppose -8*k + 6*k = -52. Suppose 0 = -29*s + k*s + 6. What is the units digit of ((-100)/(-60))/(s/6)?
5
Let a = -34 - -31. Let n be 6/16*6*(a - 1). What is the tens digit of 1 - 2/(n/8 + 1)?
1
Let z(g) = -g**2 + 2*g + 3*g - 3 + 2*g + 7. Let k be z(7). Suppose -2*v = -k*v + 58. What is the units digit of v?
9
Let g(n) = -n**3 - n**2 + n + 1. Let c be g(-2). Suppose -19*o + 17*o = 4*m - 194, -5*m - c*o + 244 = 0. What is the units digit of m?
7
Suppose -192 = -4*o - 252. What is the tens digit of 18/o - (-7810)/50?
5
Let h be 529 - (-3 - 5 - 0). Let c = h - -551. What is the thousands digit of c?
1
Let y(w) = -2*w + 3*w - 4*w - 3*w**2 + 1. Let b be y(-2). What is the tens digit of 5*(-2)/b*-1 + 186?
8
Suppose -6*v + 150 = -162. Let j = v - 50. Suppose -2*q = u + q - 43, -j*u - 5*q = -81. What is the tens digit of u?
2
What is the ten thousands digit of (31867/1)/((60/200)/((-24)/(-40)))?
6
Suppose -3*k + 8408 = -4*p, 0 = -0*k + 3*k + 4*p - 8440. Suppose k = 71*w - 63*w. What is the units digit of w?
1
Let n(p) = 48*p - 193. Let q be n(4). What is the hundreds digit of ((-3)/(-6)*q)/((-1)/962)?
4
Let a = -122 - -125. Suppose -10*i + a*i - 28 = 0. Let k(c) = -14*c. What is the tens digit of k(i)?
5
Let f = -25 - 12. Suppose 4*z - 18*j = -23*j + 318, -3*j = -5*z + 379. Let s = z - f. What is the tens digit of s?
1
Let w = -111 + 97. Let l(b) = -9*b + 36. What is the units digit of l(w)?
2
Suppose 52*x - 28150 = 51*x - l, 0 = 2*x - 5*l - 56279. What is the ten thousands digit of x?
2
Let d(t) = 69*t**2 - t + 1. Let k be d(8). Suppose -q - s = -0*s - 1096, 4*q - k = s. What is the hundreds digit of q?
1
Let o = 25933 - 15681. What is the thousands digit of o?
0
Suppose 19*f = f - 1242. Let v = 517 + f. What is the units digit of v?
8
Let v = -25046 - -35573. What is the hundreds digit of v?
5
Let y(x) be the third derivative of -9*x**4/8 - 11*x**3/3 - 83*x**2. What is the tens digit of y(-15)?
8
Let s(u) = -63*u - 33. Let i(n) = -314*n - 162. Let r(p) = 2*i(p) - 11*s(p). What is the hundreds digit of r(9)?
6
Suppose -17*v = -100979 - 105316. What is the tens digit of v?
3
Suppose 271*n + 1896 = v + 276*n, 3*v + 4*n - 5633 = 0. What is the thousands digit of v?
1
Let a(h) be the second derivative of -h**3/2 + 45*h**2/2 - 42*h. What is the units digit of a(-13)?
4
Suppose 103067 + 157303 = 18*o. What is the ten thousands digit of o?
1
Suppose 25 = 13*c - 1. Suppose 10*u = c*u + 3096. What is the tens digit of u?
8
What is the thousands digit of (-406483)/(-49) + 7 + (-1 - (-9)/21)?
8
Let i(n) = -1030*n**3 - 11*n**2 - 32*n - 19. What is the tens digit of i(-2)?
4
Let p(t) = 5*t**2 - 25*t + 254. What is the units digit of p(27)?
4
Let a = -10 - -46. Suppose -3*u + 209 = -3*w + 218, 47 = 4*w + 3*u. What is the tens digit of (-95)/(-2) - (-4 + a/w)?
4
Let z be (-13)/((-52)/2064) - 2/(-1). Let o = z - 287. What is the units digit of o?
1
Let x(l) = 10 - 8*l**2 + 9*l**3 + 15*l**2 + 7 - 15. What is the tens digit of x(3)?
0
What is the units digit of 2/12 + 736587/162?
7
Let c = -484 - -3971. Suppose -11*v + 8778 + c = 0. What is the thousands digit of v?
1
Let p = -213 + 157. Let t = 277 - p. What is the tens digit of t?
3
Suppose 2*j - 3*j - 3 = 0, k = -j + 67. Suppose -2*n + 76 + k = 0. Suppose 89*i = 88*i + n. What is the tens digit of i?
7
Let w(z) = -z**3 - 14*z**2 - 46*z - 27. Let q be w(-15). Let f = q - 421. What is the units digit of f?
7
Let b(y) = -y**3 + 47*y**2 + 30*y + 144. What is the units digit of b(43)?
0
Suppose 16 = -5*k - 24. Suppose -1461*s + 1469*s - 72 = 0. Let w = k + s. What is the units digit of w?
1
Let p be (-291)/(-21) + (-1)/(-7). Suppose p = -0*a + 2*a. Suppose -2*m + a*m - 90 = 0. What is the tens digit of m?
1
Let b(z) = -z**3 - 9*z**2 + 25*z - 122. What is the hundreds digit of b(-32)?
6
Suppose 242*t - 455532 = 155*t. What is the hundreds digit of t?
2
Suppose 5*m - 9*m = -2*y + 43574, 2*y - 2*m = 43560. What is the thousands digit of y?
1
Suppose 5*p = -u + 40960, -6*p + 135789 = 3*u + 12981. What is the units digit of u?
0
Suppose -5*f + f + 16747 = 3*h, h - 2*f - 5589 = 0. What is the hundreds digit of h?
5
Let s(l) = -120*l**2 - 9*l - 3. Let p be s(2). Let j = p - -668. What is the hundreds digit of j?
1
Let q = 12594 + -10100. What is the units digit of q?
4
Let q(p) = -16*p**2 + 20*p - 1. Let m be q(6). Let x = -90 - m. What is the hundreds digit of x?
3
Let j be (4/(-14))/(-1)*7. Suppose -50 + j = -4*c. Suppose 0 = 5*i - 4*u - 236 - 391, 4*u = -c. What is the tens digit of i?
2
Let f(o) = 231*o + 14916. Let g(u) = -33*u - 2131. Let l(v) = -3*f(v) - 22*g(v). What is the thousands digit of l(0)?
2
Suppose v + 28 = 3*v. Let j(w) = -v + 11*w - 39*w + 5*w**2 + 14*w. What is the units digit of j(-6)?
0
Let x(b) = -8*b + 82. Let z be x(9). Let v = z - -133. What is the tens digit of v?
4
Let q(u) = u**3 + 5. Let x be q(0). Suppose 67*n - 61058 = 52440. Suppose n = 12*m - x*m. What is the units digit of m?
2
Let r = 33 + -27. Suppose c = p + r - 28, -4*p - 4*c = -72. What is the units digit of (-1682)/(-8) - ((-115)/p - -6)?
0
Let b(a) = 1832*a - 8056. What is the hundreds digit of b(18)?
9
Suppose 0 = -12*h + 3*h + 27. Suppose -q = -h*w - 392, -5*w - 95 = 3*q + 549. Let k = -45 - w. What is the units digit of k?
5
Suppose 0 = -5*w + 3*a + 853 - 138, 2*w - 2*a = 286. Let l(r) = 3*r**3 - 46*r + 81. Let k be l(3). Let b = k + w. What is the hundreds digit of b?
1
Let v = -623 + 2019. Let k = v - 477. What is the hundreds digit of k?
9
Suppose 27 - 9 = 9*p. What is the tens digit of 438/((p - (-15)/(-12))*2)?
9
Suppose 66*u = 5*d + 67*u - 5, 0 = 3*d - 4*u + 20. Suppose -5*z - y + 8094 = 0, d = 5*z - 4*y + 3*y - 8096. What is the hundreds digit of z?
6
Suppose 0 = -31160*y + 31159*y + 29015. What is the tens digit of y?
1
Let w be 1 - (-6 + (-7 - -4 - 209)). Let o = 6 - 3. What is the tens digit of (w/6 - 0) + o/2?
3
Let g(f) = 26*f + 6. Suppose h - 4 = -13. Let j be (0 + (-3)/h)/(2/36). What is the tens digit of g(j)?
6
Suppose -68*a + 1256640 = -6*a + 70*a. What is the thousands digit of a?
9
Let s(f) = -84 - 41 + 96*f - 105 + 52 + 7. What is the units digit of s(12)?
1
Suppose -4*m + 5*m = 0. Suppose m = -4*k + 5*f + 2205, -k = 2*f - 0*f - 548. Suppose -t + 0*t - d = -183, 3*t + 2*d - k = 0. What is the hundreds digit of t?
1
Suppose 1 = 3*j + 4. What is the units digit of 467 + j*(-4 + 3) + -1?
7
Suppose -23*f + 231665 = -86517. What is the tens digit of f?
3
Let c = 553 + -549. Suppose t - 5*t = -c*a + 632, -4*t - 16 = 0. What is the tens digit of a?
5
Suppose 10*k - 7600 = -0*k. Let j = 1094 - k. What is the tens digit of j?
3
Let c be -1 - ((-62)/3 + 1/(-3)). Suppose 7*m - c = 15. Suppose 0 = -m*f + 292 + 158. What is the tens digit of f?
9
What is the ten thousands digit of (-2025080)/(-160) + ((-9)/(-4) - 1)?
1
Let t be (2/3)/((-19)/(-228)). Suppose -1080 + t = -16*s. What is the tens digit of s?
6
Suppose -9*i + 55505 + 34379 + 49004 = 0. What is the tens digit of i?
3
Let m = 491 + 42. Suppose -v = 72 - m. What is the hundreds digit of v?
4
Let n be (((-77)/2)/(-7) - 5)*-6. What is the units digit of 8/(-12) + ((-600)/(-9) - n)?
9
What is the tens digit of (99/12)/(0 + 5/106960*21)?
0
Suppose 0 = -6*l - 0. Suppose 3*h + q + l*q = -16, -h - 17 = -2*q. What is the units digit of h/(-4) - (45/(-20) - -3)?
1
Suppose -18 = 3*d + 6. Let z be 0*(-4)/d*-1. Suppose 5*x - 106 = -4*a + 172, z = -4*a + 8. What is the units digit of x?
4
Let l be ((-2 - 2) + -1)/(-1). Suppose 3*r = 2*r - l, 0 = 2*p - r - 1953. What is the units digit of p/10 + 16/(-40)?
7
Suppose 0 = -8*d - 995 - 1261. What is the hundreds digit of ((-247)/38)/(285/d - -1)?
6
Let f(u) = 27*u - 23. Let q(w) = -52*w + 45. Let b(d) = 5*f(d) + 3*q(d). What is the hundreds digit of b(-7)?
1
Suppose 16*b - 228 = -98*b. Suppose -126 = -5*j + 324. Suppose 4*n - 3*a - 321 = 0, n - 6*a - j = -b*a. What is the tens digit of n?
7
What is the units digit of (-41)/((-492)/(-192)) - -40259?
3
Suppose -n - 2*k + 401 = -0*n, 0 = n - 3*k - 421. Let q = -221 + n. Suppose -5*y = -y - q. What is the tens digit of y?
4
What is the hundreds digit of (-9 + 6/2)*10938/(-12)?
4
Suppose -3*n - 40347 = -j - 201048, 12 = 2*j